pose -d*n = 3*f - 12 - 24, 4*n = -2*f + 28. Suppose -9*k - 35 = -f*k. List the prime factors of k.
5, 7
Let v(h) = 3 + 2*h**2 + 0*h - 8 - h. Let y = 123 + -127. List the prime factors of v(y).
31
Let y(k) = 61*k**2 - 13*k + 5. What are the prime factors of y(-6)?
43, 53
Let m(t) = -6*t - 27. Let z be (-4)/2*(-7 + 14). List the prime factors of m(z).
3, 19
Let h be (-1 + 1)/(-7 - -5). Suppose 5*s + 40 = -h*s. Let u = 17 - s. List the prime factors of u.
5
Suppose y = -5*u + 20, -5*y - 2*u + 20 = 3*u. Suppose 2*q = 4*h - 0*q - 46, -5*h - q + 47 = y. Let v = h + 27. What are the prime factors of v?
37
Let i be 8 + -3 - (-3)/(-1). Suppose -5*d = -i*j - 165, 5*j - 103 + 4 = -3*d. What are the prime factors of d?
3, 11
Suppose -v = 5 + 3. Let m(z) = -z**2 - 10*z - 9. Let g(o) = -o**2 - 10*o - 10. Let w(j) = -2*g(j) + 3*m(j). List the prime factors of w(v).
3
Let w(u) = -3*u**2. Let j be w(-1). Let q be (-2)/((-1)/(j + -1)). Let c(f) = -3*f + 5. What are the prime factors of c(q)?
29
Suppose -r + 4 = 3*r. Let m(w) = 4*w**2 - 3*w + 2. List the prime factors of m(r).
3
Let i(b) = -7*b**3 - 3*b**2 - 2. Let n(w) = w**3 + w**2. Let y(k) = i(k) + 6*n(k). Suppose 2*j = -2 + 6. What are the prime factors of y(j)?
2
Let b(i) = -12 + 4 + 11*i - 8 - 2. What are the prime factors of b(7)?
59
Suppose -62*n = -82171 - 29305. List the prime factors of n.
2, 29, 31
Suppose 4*o = 5*j + 13929, -3*o = -j - 7222 - 3211. List the prime factors of o.
2, 11, 79
Let u = -19 + 11. Let d(z) = z**3 + 9*z**2 + 10*z + 18. Let c be d(u). What are the prime factors of -2 - (0 - (54 + c))?
2, 3
Let m = -340 - -477. What are the prime factors of m/(2 - (-3)/(-2))?
2, 137
Let h(r) be the second derivative of -5*r - 5/3*r**3 + 1/6*r**4 + 0 + 5/2*r**2. What are the prime factors of h(7)?
3, 11
Suppose 23*c = 27*c - x - 8828, -2*c - x + 4414 = 0. What are the prime factors of c?
2207
Suppose 0 = 273*v - 286*v + 6227. What are the prime factors of v?
479
Let r = -1710 - -2901. List the prime factors of r.
3, 397
Let r = 64 - 60. Let m = r - -29. What are the prime factors of m?
3, 11
Suppose -16 = -8*p + 4*p. Suppose -p*w = -5*n + 12, 0*n - 3*w + 26 = 5*n. Suppose 0 = q + n*h - 12, -3*h = -5*q - 8*h + 45. What are the prime factors of q?
2
Let i(b) = 25*b - 10. Let h be i(13). Suppose 4*k - 843 + h = 0. Suppose -2*t + k = 2*t. List the prime factors of t.
3, 11
Let z = 8 + -4. Suppose -3*a + 69 = -5*h + 16, 4*h = z*a - 36. Let t = h + 21. List the prime factors of t.
2
Let o(k) = k**3 - 3*k**2 + 4. Let r be o(3). Suppose -2*m + 2*c = -m + 8, r*m - 13 = -c. List the prime factors of 6*(1 - m)*-1.
2, 3
Suppose 3 + 22 = 5*b. Suppose 2*n = 8, -b*k + 5*n = -95 - 25. List the prime factors of k.
2, 7
Let i = -32 - -52. Suppose 0 = -3*k - 5*a + 25, -2*a + 6*a = i. List the prime factors of -1 - ((-132)/4 - k).
2
Suppose -523 = -5*y + 247. Let l = y + -103. List the prime factors of l.
3, 17
Let i(y) = 70*y. Let m be ((-2)/(-6))/(12/36). List the prime factors of i(m).
2, 5, 7
Suppose -2*h + 2*j = -770, -3*j - 876 = -5*h + 1055. List the prime factors of h.
2, 97
Let o be 10/(-15)*15 + 4. Let s = o - -121. List the prime factors of s.
5, 23
Let g be (-38)/(-8) + 3/(-4). Suppose 35 = g*o - 5. What are the prime factors of (-924)/(-15) - (-4)/o?
2, 31
Let v(j) = -481*j - 3. List the prime factors of v(-2).
7, 137
Let x be 2/(-10) + 5/25. Suppose 2*q - 2*k = 12, 4 = -2*k - x*k. Suppose -3*o = -q*u - 65, 0 = -4*o + 2*u + 28 + 42. List the prime factors of o.
3, 5
Let a = -239 - -985. List the prime factors of a.
2, 373
Let a(t) = 13*t**2 - 5*t + 21. Let g be a(6). Let x = g - 272. List the prime factors of x.
11, 17
Let r be (-9 + 9)*(-1)/3. Suppose r = -4*m - 4*v + 481 - 165, 5*m - 395 = v. List the prime factors of m.
79
Let k be ((-6)/(-4))/(6/(-32)). Let s(o) = -o**3 - 7*o**2 + 7*o + 1. Let z be s(k). List the prime factors of 202/6 + (-6)/z.
3, 11
Let d = -659 - -2484. List the prime factors of d.
5, 73
Let r(s) = s**2 - 18*s + 34. Suppose -32 = 6*p - 134. List the prime factors of r(p).
17
Suppose -z + 177 = 25*w - 21*w, -z + 5*w = -186. What are the prime factors of z?
181
Suppose -4 = -5*a - 4. Suppose -12*p + 366 - 54 = a. What are the prime factors of p?
2, 13
Suppose -18*b - 20 = -23*b. Suppose b*j + 4*j = 992. List the prime factors of j.
2, 31
Let o = -46 + 49. Let g = 6 + -4. Suppose m + o*n - g*n = 57, -m + 69 = 4*n. What are the prime factors of m?
53
What are the prime factors of ((-30)/(-140)*-1132)/(1/(-7))?
2, 3, 283
What are the prime factors of (-178 + 0)*(-288)/192?
3, 89
Let t be (1 + 1)*5/(-2). Let l = 3 - t. List the prime factors of 282/l - 3/12.
5, 7
Let k(z) = 101*z + 30. What are the prime factors of k(5)?
5, 107
List the prime factors of 22/(6 + 55/(-10)).
2, 11
Suppose -h = h - 8. Suppose 4*o - 44 = -2*m, o - h*m = -7 - 0. Let x = 0 + o. List the prime factors of x.
3
Suppose -85 + 1 = -4*c. Let x = c + -3. What are the prime factors of x?
2, 3
Let g(p) = -p**2 + 3. Let t be g(0). Suppose -5*q + d - 35 = 4*d, 0 = -4*q - t*d - 25. List the prime factors of 4/q + 762/30.
5
Let r be 13 - (-15 - 0)/(-5). Suppose -r*a + 48 = -7*a. List the prime factors of a.
2
Suppose -3*m + 2 = -10. Let p be m/6*6*1. Suppose -p = -3*j + 23. What are the prime factors of j?
3
Suppose 4*d = 21 + 51. Suppose -3*a = -a + d. What are the prime factors of 10 + 3/(a/(-6))?
2, 3
Let z = -234 - -269. List the prime factors of z.
5, 7
Suppose -15312 = -10*k + 2818. List the prime factors of k.
7, 37
Let z be (6 - (3 + 0))*1. Suppose -b + 156 = 4*i, -2*b = z*i - 5*b - 102. Let d = -13 + i. List the prime factors of d.
5
Suppose h + 8 = -3*h. What are the prime factors of (35/(-20))/(h/48)?
2, 3, 7
Let g(z) = 2*z**3 - 15*z**2 - 7*z - 5. What are the prime factors of g(11)?
3, 5, 17
Let w be (-375)/50*8/(-6). Suppose 0*u - w = -5*x + 5*u, 0 = 4*u - 4. Suppose 0 = -x*r - 3 + 231. List the prime factors of r.
2, 19
Let o = -197 + -42. Let q = -119 - o. List the prime factors of q.
2, 3, 5
Suppose 83760 = 205*n - 189*n. List the prime factors of n.
3, 5, 349
Suppose -p = -4, -261 = -9*w + 4*w + p. Suppose -3*g + w = -37. What are the prime factors of g?
2, 3, 5
List the prime factors of ((-24)/(-14))/((-95)/(-85785)).
2, 3, 43
Suppose 55 = 4*k - 29. Let i = -6 + k. Let n = 0 + i. List the prime factors of n.
3, 5
Let j = -27 + 1. List the prime factors of 35/28*(2 - j).
5, 7
What are the prime factors of (66/12 + -5)*266?
7, 19
Suppose -4*f = 5*o - 3343, 1322 = 4*f + 3*o - 2031. List the prime factors of f.
2, 421
Suppose -y + 614 + 404 = -4*r, -5*y = -2*r - 5162. What are the prime factors of y?
2, 11, 47
Suppose -o = -2*l - 397, 4*l + 382 = 4*o - 1206. Suppose -3*d + 166 = -2*z + 4*z, -3*d + o = 5*z. List the prime factors of (-2)/(-11) - (-1526)/z.
2, 5
Let b(a) = -a**3 + 9*a**2 + 7*a + 10. Let u = 38 + -38. Suppose 5*c + 4*c - 81 = u. List the prime factors of b(c).
73
Suppose -5*a + 16*z + 4445 = 11*z, 0 = a - 3*z - 889. What are the prime factors of a?
7, 127
Let a(x) be the first derivative of x**3/3 - 5*x**2/2 + 2*x - 6. List the prime factors of a(9).
2, 19
Suppose -2*c + 7 = -3*s - 3, -3*c = 4*s - 15. Suppose 0 = c*a + 2*y - 390, -a - 2*y - 90 = -2*a. List the prime factors of a.
2, 5
Suppose 0 = 5*c + 5, 3*a - 12 = -a - 4*c. Let v(t) = 4*t**2 - 6*t - 5*t**2 + 2*t**2 + 2*t**2. What are the prime factors of v(a)?
2, 3
Suppose -15 = -5*w - 2*k - k, -3*w - 5*k + 25 = 0. Suppose 208 = 4*m - 0*m - 2*d, w = -m + 3*d + 57. Suppose -4*q = -7*q + m. List the prime factors of q.
17
Let s(a) = -a**2 + 4*a - 2. Let t be s(2). Suppose 59 = 3*r - 3*z + t*z, r + 2*z = 29. Let u = r - 13. What are the prime factors of u?
2
Let x(y) = -494*y**3 + 4*y**2 + 2*y. List the prime factors of x(-1).
2, 31
Let c(h) = -565*h - 53. What are the prime factors of c(-2)?
3, 359
Suppose 21835 = 37*t + 2706. List the prime factors of t.
11, 47
Suppose 348 = x - 4*w - 216, -5*w + 1658 = 3*x. What are the prime factors of x?
2, 139
Let b(m) = m**3 + 10*m**2 - 14*m + 6. Let g be (-54)/5 - (-6)/(-30). Let s be b(g). Let j = 81 - s. What are the prime factors of j?
2, 3, 7
List the prime factors of (1*194/(-4))/((-4)/32).
2, 97
Let z = -20 - -25. Let b be (z/2)/((-6)/(-348)). Suppose 4*r + 2*u = 194, 2*r = -2*u - 43 + b. Wha